 (-14)/(-49) - 188*6/(-21). What is the greatest common factor of i and n?
6
Suppose -20*t = 142 + 38. Let w be (-2 + -1 + t)*2/(-6). What is the greatest common factor of 164 and w?
4
Let f = 2828 - 2776. What is the highest common divisor of 2314 and f?
26
Let m(l) = 161*l + 2. Let p = 119 - 115. Let h be m(p). What is the highest common divisor of h and 34?
34
Suppose 5*i + 41 = d - 87, 510 = 5*d + i. Suppose d - 67 = -3*g. Let x be g/(-1)*207/27. What is the highest common divisor of x and 46?
46
Let j = 3263 - 3211. Calculate the greatest common factor of 8320 and j.
52
Suppose -8*i + 102 = -410. Suppose -w = 59 - i. Let q be 2 - 2*93*(w + -6). What is the highest common divisor of q and 47?
47
Let x = 94 - 1534. Let u = 2028 + x. What is the greatest common factor of u and 12?
12
Let z = 359 - -1297. Suppose -4*v - 20*v + z = 0. Calculate the highest common divisor of 1173 and v.
69
Let j be 14/(-14) + 83*2. Let q = j + -153. Calculate the greatest common factor of 102 and q.
6
Let u = -427 - -451. Calculate the highest common divisor of u and 296.
8
Let u be (-1098)/4*2538/(-141). What is the highest common divisor of 81 and u?
81
Let l be -3*9/54*-274 - -3. What is the highest common divisor of 2576 and l?
28
Suppose 41*d = -210 + 2937 + 348. Calculate the highest common factor of 2275 and d.
25
Suppose 194*z - 11352 - 12993 = 4367. Calculate the greatest common divisor of z and 32.
4
Suppose 0 = 2*r - 3*o - 1, -r + 5*o + 5 = 4*r. Suppose 6 + 24 = -r*p. Let w = p + 45. What is the highest common divisor of 10 and w?
10
Suppose -13*u + 16*u - 5*i - 1220 = 0, 0 = -5*u + i + 2026. What is the highest common factor of 165 and u?
15
Let b be (3 + 3/(-2))*(-120)/(-90) - -20. What is the highest common divisor of 1001 and b?
11
Suppose 14*h + 17 = 5*j + 13*h, j + h = 7. Suppose -3*v + 81 - 19 = j*l, 2*v - 23 = l. What is the highest common divisor of 217 and v?
7
Let q(v) = -4*v**3 - 75*v**2 - 39*v - 117. Let i be q(-21). What is the greatest common factor of 27 and i?
27
Let l(c) = -c**2 - 18*c + 24. Let d be l(-19). Suppose 2*y - d*m - 418 = -125, -3*m - 3 = 0. Calculate the greatest common factor of y and 108.
36
Let u be ((-27)/(-2) - -11) + 5/(120/(-36)). Let a = 431 + -985. Let l be 2/(-6) + a/(-6). Calculate the highest common divisor of u and l.
23
Let v(k) = -562*k - 2482. Let t be v(-8). Calculate the highest common divisor of t and 304.
38
Let x(s) = s**3 + s**2 + 154*s - 1191. Let o be x(9). What is the highest common factor of 30 and o?
15
Let v(c) = 9*c - 42. Let f be v(11). Calculate the highest common factor of f and 152.
19
Let h(c) = c**2 - 3*c - 8. Suppose 24 = 2*d + 2*d. Let k be h(d). Suppose 0 = -a + 15 - 10. Calculate the highest common factor of k and a.
5
Let w(g) = 29*g**2 - 10*g + 9. Let s be w(1). Suppose 23*f + 250 = s*f. What is the greatest common divisor of 25 and f?
25
Let h(z) = -z**3 - 22*z**2 + 23*z + 7. Let g be h(-23). Suppose -g*o + 2*c = -9*o + 8, -5*c - 22 = -2*o. What is the highest common factor of o and 4?
2
Suppose 0 = 19*c - 18*c - 21*c + 260. Suppose l - 223 - 1 = i, 1108 = 5*l - i. What is the greatest common factor of c and l?
13
Let y(b) = 20*b + 2029 + 2008 + 5*b**2 + b**2 - 4023 - 3*b**2. Let p be y(-14). Calculate the highest common factor of 14 and p.
14
Suppose 1230 = -37*s + 1563. What is the greatest common factor of 11205 and s?
9
Let a be (-72)/56 - (-2)/7. Let b = a - -5. Let v(d) = -2*d**2 + 20*d - 30. Let g be v(2). What is the highest common divisor of g and b?
2
Let b(n) = -2*n - 25. Suppose 0 = -28*r + 40*r + 252. Let z be b(r). Calculate the greatest common factor of 459 and z.
17
Suppose 9 = -2*x - 13. Let f be (-209)/x + (-1 - -2). Suppose -2*v + f = 2*v. What is the highest common factor of v and 20?
5
Let v = 16160 + -8670. What is the highest common factor of 70 and v?
70
Suppose -2*k - 10 = 4*b, 4*k + 14*b = 9*b - 8. Let p be (6 - 11) + k + 77. What is the highest common divisor of 200 and p?
25
Let k = -3632 + 16004. Calculate the highest common divisor of k and 12.
12
Let d be (3*2)/(1/2). Let i be 2*63 - (1 - (-23 - -30)). Calculate the greatest common factor of i and d.
12
Let u be (20 - 26 - -11) + 0 + 159. Calculate the highest common factor of u and 8.
4
Let t = 288 - 301. Let g(y) = -3*y + 51. Let d be g(t). What is the highest common divisor of d and 120?
30
Let x(a) = a**2 - 114*a - 685. Let p be x(-6). What is the highest common divisor of 8960 and p?
35
Let h = 9 + -7. Suppose -6*v + h*v = -388. Let w = v + 11. What is the greatest common factor of 27 and w?
27
Let a = 207 + -181. Suppose -2*d + 0*d = -a. What is the highest common factor of d and 39?
13
Let w be (6 + -8)*(1 + -77). Calculate the greatest common factor of w and 4408.
152
Let v be 836*(-5)/(-180) - 5*(-8)/(-180). Calculate the highest common divisor of 7889 and v.
23
Suppose -q + 2*k = -746, -8*q + 2974 = -4*q + 2*k. What is the highest common divisor of q and 1581?
93
Let a(w) be the first derivative of 19*w**4/4 - w**3/3 + 3*w**2/2 - w + 2. Let j be a(1). Calculate the highest common divisor of j and 220.
20
Suppose -3*f - 4*w = -900, -168 = w - 168. Calculate the highest common factor of 645 and f.
15
Suppose 0 = -5*s + 2*p + 635, s + 3*p = 75 + 52. Let j = s + -21. Let a = 118 - j. What is the highest common factor of 228 and a?
12
Let b = 2854 + -2386. Calculate the highest common divisor of 180 and b.
36
Let p(k) = 6*k - 2. Let z be p(2). Suppose 5601 + 5224 = 359*d + 74*d. Calculate the greatest common divisor of z and d.
5
Suppose -1733 = -3*p - 4*q, 5*p - 2881 = -194*q + 191*q. Calculate the greatest common factor of p and 46.
23
Let c(i) = -444*i + 2406. Let o be c(4). Let h = 201 - 111. What is the greatest common divisor of o and h?
90
Suppose 1853 = s - 5*n + 1886, -5*s = -n - 3. What is the highest common factor of s and 166?
2
Let g be (-186)/(-21) - 19/(-133). Calculate the highest common divisor of g and 72.
9
Let g(q) = -q**2 - 187*q - 1878. Let v be g(-11). Calculate the highest common divisor of 18792 and v.
58
Let u be (-12)/(-10) + (18 - 169704/(-180)). What is the highest common divisor of u and 26?
26
Suppose -1055 - 1765 = -8*w + 308. What is the highest common divisor of w and 207?
23
Let q(b) = -268*b - 1103. Let c be q(-5). What is the greatest common factor of 79 and c?
79
Let s = -404 - -412. Let o be (-3 - -4)*4 - 1. Suppose 0 = o*j + 3*l - 369, -3*j + 364 = 3*l + l. What is the greatest common divisor of j and s?
8
Suppose 0 = -12*g + 9 + 51. Suppose 2*z - 3*c = 228, -z - c + 124 = -g*c. What is the greatest common factor of z and 4?
4
Let a = 389 - 371. Suppose 16*b = -a*b + 2040. Calculate the highest common factor of 84 and b.
12
Suppose 4*z + 16 = 0, 4*h - 1126*z = -1127*z + 1744. Calculate the highest common factor of h and 931.
19
Suppose 4*k + 5*u - 4684 = 0, 95*u = 5*k + 90*u - 5900. Suppose 4*i - k = r, 33*r - 882 = -3*i + 38*r. Calculate the highest common divisor of 6 and i.
6
Let m = -8061 - -8064. Let f be 8*2*(-2)/(-2). Suppose k - 2*u = -m*u + f, -3*u = -k + 32. What is the highest common divisor of 20 and k?
20
Suppose 0 = f - 2*d - 3, -20*f = -15*f + 4*d + 13. Let i be (4 - f/(-1))*11. Calculate the highest common divisor of 429 and i.
33
Let m(l) = 55*l**2 - 14*l + 291. Let i be m(9). Calculate the greatest common factor of 66 and i.
66
Suppose -2*j - 3*d + 16 = 47, -1 = d. Let q(i) = -i**2 - 15*i + 16. Let k be q(j). Calculate the highest common divisor of 50 and k.
10
Suppose 5*i + 632 = -k + 2482, 4*k + 1480 = 4*i. Suppose 3*o + 199 = 4*g - 593, -2*g + i = 5*o. Calculate the greatest common divisor of g and 39.
39
Let i(m) = -83*m + 4167. Let s be i(33). Calculate the greatest common factor of s and 63.
21
Let p be (2/4)/(1/(-12)). Let y(a) = 8*a**2 - 76*a + 168. Let z be y(3). Let t be 280/z + p + (-4)/(-6). Calculate the greatest common divisor of 24 and t.
6
Suppose -1783 = -252*l + 22409. Suppose -s + 3 + 29 = 0. What is the highest common factor of l and s?
32
Let q(r) = 6*r**2 - 5 + 136*r - 268*r + 125*r. Let p be q(5). Calculate the highest common divisor of p and 22.
22
Suppose -5*f = 2*z - 32, -7*z = 2*f - 12*z - 7. Suppose f*r = 52*r - 7912. Calculate the highest common factor of 430 and r.
86
Suppose 0 = 53*m - 7*m - 1932. Wha